 + r = t - 5*d. What is the greatest common factor of t and 3?
3
Suppose 5*p - 290 = a, -290 = a - 10*p + 7*p. Let n be 3/(-1 + a/(-287)). What is the greatest common factor of n and 7?
7
Let b be (-633)/((-18)/4 - (4 - 147/21)). What is the greatest common factor of b and 4?
2
Suppose 26*d - 1042 = -20 + 330. What is the greatest common divisor of d and 7111?
13
Let m(j) = -j**3 + 11*j**2 - 17*j + 78. Let g be m(10). Let s(d) = d**3 - 4*d**2 + d - 2. Let w be s(5). Calculate the greatest common divisor of g and w.
4
Let x(k) = -k**3 - 4*k**2 + 4*k. Let s be x(-8). Let m = 6351 + -6323. Calculate the highest common factor of m and s.
28
Let a be (366/(-30) + 1)*-5. Suppose a*m - 54*m = 12. Let l be 2/3 + 14/6. Calculate the greatest common factor of l and m.
3
Let o(t) = -4*t + 16. Suppose -3*c + 8 = -4. Let u be o(c). Suppose -4*l + 58 + 86 = u. Calculate the highest common factor of 90 and l.
18
Suppose -v = 3*v - 2*t - 86, v = 4*t + 32. Let w = -160 - -100. Let j = 70 + w. What is the highest common factor of j and v?
10
Let k be 357 - 0 - -1 - (-102)/(-34). Let x = k + -328. Calculate the highest common divisor of x and 378.
27
Let l = -4463 + 10651. What is the highest common factor of 119 and l?
119
Let v be (3*3/(-18))/(3/(-1404)). Suppose -2*k + 2*z - 226 = -5*k, 0 = 3*k - 4*z - 250. What is the greatest common factor of v and k?
78
Let p be (-2 + 157)/(1/3). Suppose 0 = 3*l - l - 0*l - 30. What is the greatest common divisor of l and p?
15
Let m = 3319 + -3275. What is the highest common divisor of 22 and m?
22
Let l be (-47 - -3)*1 - 7. Let d be l/(-7 + 44/8). What is the greatest common factor of 68 and d?
34
Let s be (30/(-18))/((-3)/(26460/25)). What is the highest common factor of s and 12?
12
Suppose 0*k + 20 = -5*k - 5*j, 3*j + 12 = 0. Let y be -1*(k - (-312)/(-1)). What is the greatest common divisor of y and 117?
39
Suppose -8*x = 3*n - 807, 5*n - 30 + 5 = 0. Calculate the greatest common factor of 153 and x.
9
Let n(b) = -b - 5. Suppose 2*g + 12 = 6. Let r be n(g). Let z be (r/(-3))/(2/18). Calculate the highest common factor of z and 54.
6
Suppose -6*w = -8*w - 6, 3*w = 4*u + 7. Let g(m) = -3*m - 7. Let o be g(u). Calculate the highest common factor of o and 4.
1
Let u be 30*-1*(-10)/6. Let v(r) = -4*r + r + 2*r - r + 4. Let o be v(-8). What is the greatest common factor of u and o?
10
Let u(g) = 12*g**2 - 59*g + 70. Let a(m) = 7*m**2 - 30*m + 35. Let q(k) = -7*a(k) + 4*u(k). Let p be q(-27). What is the highest common divisor of 13 and p?
1
Let f(h) be the second derivative of -h**5/20 - h**4/6 + h**3/3 - 2*h**2 - h - 11. Let x be f(-4). What is the highest common factor of x and 10?
10
Let x be (-1)/(218/(-44) - -5). Let i(s) = s**3 + 24*s**2 + 41*s + 38. Let j be i(x). What is the highest common factor of 16 and j?
8
Let b(r) = 47*r + 9*r**2 + r**2 - 22 + r**2 - 13*r**2. Let a be b(23). Calculate the highest common factor of a and 9.
1
Suppose 0 = -870*r + 886*r - 17296. Calculate the greatest common divisor of 188 and r.
47
Let c(v) = 13*v**2 + 386*v - 90. Let w be c(-48). Calculate the highest common factor of w and 6.
6
Let w be (-45)/((285/(-18))/19). What is the highest common factor of w and 168?
6
Suppose -2*y - 3 + 103 = 2*v, 4*y - 8 = 0. What is the highest common divisor of v and 780?
12
Let w = -187 + 191. Suppose q - w*m - 43 = -2*q, 2*m - 11 = -q. Suppose -269 = -3*f - 2*j - 0, 4*j = 2*f - 190. Calculate the highest common factor of f and q.
13
Suppose 5*s + 1660 = 3*w + 1514, 5*w = 5*s + 250. Calculate the greatest common factor of w and 2249.
13
Suppose 18*y = 19*y + 2*m + 265, 0 = y + 4*m + 271. Let u = -229 - y. What is the highest common factor of u and 960?
30
Let o be (7/14)/(9/2898). What is the greatest common divisor of o and 12558?
161
Suppose -15 = 3*a - 3. Let v(p) be the third derivative of -p**4/6 - p**3/2 - 912*p**2. Let s be v(a). Calculate the highest common factor of 52 and s.
13
Suppose 6*t - 1613 - 577 = 0. Let z = t + -93. Calculate the highest common divisor of 16 and z.
16
Suppose m - 4*m = -15. Let l(f) = m - f**2 + 18*f - 4 - 22. Let i be l(15). Calculate the greatest common divisor of i and 60.
12
Suppose -11*o - 312 = -3*c - 9*o, -4*c = 2*o - 388. Calculate the greatest common divisor of c and 28.
4
Let c = -8139 + 8164. Calculate the highest common factor of 1475 and c.
25
Let i(n) = -n**2 + 6*n - 6. Let x be i(4). Suppose o - 88 = -q, x*o - 2*q - 225 + 57 = 0. Suppose o = m - 104. What is the highest common divisor of m and 10?
10
Let z be 7*(3 - (-114)/(-42)). Suppose 6 = z*q - 0, 4*y - 1021 = -3*q. Calculate the greatest common factor of y and 161.
23
Let w(x) = x**3 + 4*x**2 - 5*x - 1. Let c be w(-4). Let r = 6580 - 2030. Let t be 3/9 + r/30. What is the greatest common divisor of t and c?
19
Let r = -214 - -298. Let t be (1/4)/(-11 - (-931)/r). What is the highest common factor of 192 and t?
3
Let l be (-37)/5*2700/(-54). Calculate the highest common factor of 250 and l.
10
Let g be 2/5 - (-1 - (-744)/(-40)). Let n = g + -31. Let c(r) = r**3 + 11*r**2 - 2*r - 12. Let k be c(n). What is the highest common divisor of 90 and k?
10
Suppose -1720 = -2*i - 9230. Let g be i/(-15) + -3 + (-24)/(-9). What is the greatest common factor of g and 10?
10
Suppose -134*n = -149*n + 510. Let r(j) = j - 2. Let b be r(4). What is the highest common factor of n and b?
2
Let n = -2834 + 3890. What is the greatest common divisor of 2024 and n?
88
Suppose 5*i + 18 = v, -2*v = 5*i - 150 + 24. What is the greatest common divisor of v and 228?
12
Suppose d - 4*r = -14, -3*d + 5*r = -2*d + 19. Let p be 8 - d - (1 + -39). Let i = 3198 - 3098. What is the greatest common factor of i and p?
20
Let x(f) = -7*f - 1. Suppose -5*a = -5*v, 5*a = -4*v + a - 8. Let i be x(v). Let u = 46 + -22. What is the greatest common factor of i and u?
6
Let w = -22592 + 24032. Let h(b) = b**3 - 2*b**2 - b + 80. Let v be h(0). Calculate the highest common divisor of w and v.
80
Let z(d) = -d**3 + 3*d**2 + 16*d - 42. Let k be z(3). Let n be k/14 + (-2560)/(-70). Calculate the highest common factor of n and 407.
37
Suppose -13*c = 3*c - 1936. Suppose 0 = 2*x + 5*w - c, -10*w - 38 = -x - 8*w. Calculate the greatest common factor of 60 and x.
12
Let k = -14 - -24. Let h = -887 - -902. Calculate the highest common factor of h and k.
5
Let v(s) = -2*s**2 + 12*s + 75. Let b be v(9). Suppose 6*n = 2*i + 3*n, 3*n = 5*i + 9. Let m = 0 - i. What is the greatest common divisor of m and b?
3
Suppose -5*q = -3*t + 14, -3*t - 2*t + 16 = -q. Suppose -799 = -5*o - n, 141 = -t*o - 2*n + 619. Calculate the greatest common divisor of 10 and o.
10
Let y be 125 - ((-208)/8 - -22). Calculate the greatest common divisor of 2623 and y.
43
Let i = 128 - 71. Suppose -2*r = -4, 52*g - 55*g + 7*r + 3064 = 0. What is the greatest common divisor of g and i?
57
Let a = 456 + -452. Let v be a/18 - 200069/(-531). Calculate the greatest common factor of v and 26.
13
Suppose -i = 3*x - 5*x - 143, -3*i + 5*x = -424. Let b = i - 1. What is the highest common divisor of 60 and b?
12
Let u = 437 - 309. Let k = 91210 - 91206. What is the highest common divisor of k and u?
4
Suppose 2*r - 79 = -5*j + 12, -j + r = -21. Let d be (j - 1)*12/(-27)*-6. What is the greatest common divisor of d and 36?
12
Let m = -12877 - -12879. Calculate the highest common factor of 375 and m.
1
Let l(n) be the first derivative of -85*n**2/2 - 16*n - 39. Let t be l(-6). Calculate the highest common divisor of 38 and t.
38
Let l(m) = 87*m**3 + m**2 - m + 1. Let h = -3 - -4. Let g be l(h). Let q be (44/(-16))/((-216)/(-32) + -7). What is the highest common factor of q and g?
11
Let g be (1586/52 + -28)*(-4)/5. Let v be -24*-2*(-1 - 0). Let w be (g + 12)*v/(-4). What is the greatest common divisor of w and 15?
15
Let z be (-35)/560*-48 - -116. Let y(c) = c**3 + 6*c**2 + 4*c - 2. Let o be y(-4). What is the highest common divisor of z and o?
7
Suppose 0 = -m - 2*g + 194, 5*m - 955 = 19*g - 14*g. Calculate the greatest common factor of 324 and m.
12
Let y = 1764 + -1256. Suppose -2*x - 1256 = -15*f + 10*f, 2*x - y = -2*f. Calculate the greatest common factor of 42 and f.
42
Let o be (-176)/(-1) + -282 + 277. Calculate the greatest common divisor of 8379 and o.
171
Suppose 0 = 3*h + 12,